(-16). Is u/6*(-21363)/(-24)*-2 composite?
False
Let q be ((-3)/(15/4525))/(-1). Suppose w - 788 = q. Is w composite?
False
Suppose -3*t - 5*n - 2 + 9 = 0, 3 = -3*n. Suppose -t*s = -3*m - 16960, 4*s - 3*m - 16940 = -5*m. Is s composite?
True
Let t(f) = 3*f**2 - 129*f - 1633. Is t(-149) composite?
False
Let v(a) = 46*a - 8. Let f be v(6). Suppose 9*g + f = 106. Is (g/(-14))/9 + (-2862)/(-7) prime?
True
Is 1011/2*1768/156 composite?
True
Let i(v) = 9*v + 31. Let q(l) = -5*l - 15. Let b(u) = 4*i(u) + 7*q(u). Let p be b(-16). Is 1 + (-3662)/(-4) + p/6 a composite number?
True
Suppose 26 = -9*x + 11*x. Suppose x = 6*d - 5. Suppose d*c - 1141 + 172 = 0. Is c a prime number?
False
Suppose 0 = 4*f + 4*x + 260 - 1188, -f = -3*x - 236. Let a = -115 + f. Is a composite?
True
Let c be (1 + -5)*1773/(-3). Let x = -2255 - -2259. Suppose -a = -3*g + c, -829 - 1544 = -3*g + x*a. Is g prime?
True
Let x be 7626/14 - (-10)/35. Suppose 5*d = 0, -4*i = -4*d - 23651 - x. Is i a composite number?
True
Let n(i) = 12*i**2 + 123*i - 67. Let k be 28 - 8*(-2 - -1). Is n(k) a composite number?
False
Let v(j) = -439*j**3 + 15*j**2 + 5*j + 5. Let d(k) = -659*k**3 + 23*k**2 + 8*k + 7. Let q(r) = 5*d(r) - 8*v(r). Is q(3) prime?
False
Suppose -186*d + 185*d = -26233. Is d a composite number?
True
Let j(w) = 8*w - 108. Let p be j(14). Suppose 12*q = -p*q + 193552. Is q composite?
False
Let c be (-3)/(-12) + 574/8. Let h be (2/(-4))/(1/c). Let j = 59 + h. Is j composite?
False
Let i = 13536 + 15307. Let t be -1 - i/(-15) - (-2)/15. Suppose -t = -m + 1277. Is m prime?
False
Is (-940308350)/(-574) - (1 - 5/35) a composite number?
False
Suppose -33884 = -9*f + 43759. Let r = f - -36. Is r a prime number?
True
Suppose -52*c + 34*c + 122814 = 0. Is c a prime number?
True
Is (38928260/36)/7 + (-46)/207 composite?
True
Suppose -3*i + m + 6835 = 0, -2*i + 1067 = m - 3498. Suppose -4*z + 6356 = 4*j, 4*j + i = 3*z - 2522. Is z composite?
True
Let v(j) = 3*j**2 + 5*j. Let z be v(3). Suppose -11*k = -4*k + z. Is (1169/42)/((-1)/k) composite?
False
Suppose -5*s + 7179 = -936. Suppose 0 = -4*b - 20, 3*z - b + 529 - s = 0. Suppose -692 - z = -5*x. Is x a composite number?
False
Let t = 31277 - 15947. Suppose -t = -5*y + 3*f + 59291, 0 = -5*y - 4*f + 74607. Is y composite?
False
Suppose b + 5*x = 241 - 1034, 5*b = -4*x - 4007. Let t = b - -1699. Suppose 0 = 2*g - 3*c - 1783, g - c + 4*c = t. Is g a prime number?
False
Suppose -b + 1544092 = 18*b. Suppose -12407 + b = 13*f. Is f a prime number?
True
Suppose 0 = 10*j - 27 + 77. Is 2/j + 100914/10 a prime number?
True
Let q = 186 + -158. Suppose -q*x = -x - 28485. Is x prime?
False
Suppose -w + 3 = 0, -2*t = -0*t + 4*w + 160. Let z = -81 - t. Suppose 2*d = -4*g + 1644, -4080 = -z*d - g + 6*g. Is d a composite number?
True
Suppose -13907611 = -10*g + 4052979. Is g a composite number?
False
Let r = 14908 - -108811. Is r a composite number?
False
Let b = -815 + 817. Suppose -2*j = -5*n - 14307, 8169 = b*j + 2*n - 6131. Is j a prime number?
True
Suppose -7*w + 3*w = -20. Suppose g = w*o + 2402 - 131, -4*o = 3*g + 1832. Let h = o + 1740. Is h a composite number?
True
Let y = -161852 + 251215. Is y a prime number?
True
Let s(x) = -30*x + 13. Suppose r + 36 = -0*r - 2*l, 131 = -4*r + 5*l. Let b = r - -29. Is s(b) a composite number?
False
Let u = 45640 + -27867. Is u prime?
False
Suppose -228*o = -256*o. Suppose 0 = -5*k + 25, -3*k = -3*y - o*y + 13734. Is y a composite number?
False
Suppose 100*q + 24373 = 2*b + 97*q, 4*q = -3*b + 36551. Suppose -7*a = -b - 282. Is a a prime number?
False
Let v(r) = -r**2 - 30*r + 18. Let i(d) = -9*d + 5. Let y = -85 - -88. Let g be i(y). Is v(g) a composite number?
True
Let r(c) = -26919*c - 299. Is r(-2) a composite number?
True
Let y = -33 + 44. Let b(l) = l**3 - l + 5. Let r be b(2). Let x = r + y. Is x a composite number?
True
Let m = -46907 - -78264. Let a = 53388 - m. Is a prime?
True
Let q(i) = -969*i + 5. Let w(r) = 2*r + 1. Let m(d) = q(d) - 3*w(d). Is m(-3) prime?
True
Let n(h) = -2*h - 41. Let w be (-22 + -1)*8/8. Let i be n(w). Suppose 5*l + i*c = 3970 + 5735, 4*c = 4*l - 7748. Is l composite?
True
Let g(w) = 91*w + 3. Let r be g(10). Let k = 1885 - r. Suppose -7*q - 15 = -4*q, k = 2*a + 2*q. Is a a composite number?
False
Let y = 226678 + -95766. Suppose 10*r + y = 42*r. Is r composite?
False
Let i(n) be the second derivative of 41*n**3/6 - 23*n**2/2 - n. Let l(t) = -t**3 - 17*t**2 - 47*t - 54. Let x be l(-14). Is i(x) prime?
False
Suppose -2*h = 5*v - 2*v + 9, 5*v = 3*h - 34. Suppose -h*l = 4*t - 4421, l + 34*t - 29*t - 1481 = 0. Is l a prime number?
True
Suppose 9*u + 0*u - u = 0. Let t(j) = 7*j + 0*j - 5*j + 2503. Is t(u) a prime number?
True
Suppose z = 4*z - 21. Suppose -t + 16 = z*t. Is 41*(0 - (-9 - t)) prime?
False
Let z(l) = 26*l + 6 + 17*l + 58*l - 21*l. Let n be z(7). Let v = n - 147. Is v a composite number?
False
Let x(m) be the third derivative of -m**6/120 + 3*m**5/20 + 13*m**4/24 - 11*m**3/3 + 165*m**2. Is x(-12) prime?
False
Let u(h) = -12*h**2 - 28*h + 15. Let w(c) = -13*c**2 - 29*c + 15. Let j(d) = -4*u(d) + 3*w(d). Is j(5) a composite number?
True
Is 66329 - (-28)/(-7) - -12 a composite number?
False
Let b be 1 + -8 + (-46350)/(-57 - -82). Suppose -2*h + 954 = -w, -6*h + h - 2895 = 3*w. Let d = w - b. Is d a prime number?
False
Let x = -39 - -47. Suppose -14 + x = -2*f. Suppose 2*y + 0*y = 2*d + 682, -2*d - 1019 = -f*y. Is y composite?
False
Let z(j) = -5*j - 4. Suppose 5*p + 5*w = 20, 3*p + w - 2 = -0*p. Let n be z(p). Suppose -3*y + n - 10 = 0, 4*s + 4*y = 1048. Is s prime?
False
Let w(y) = -9*y + 48. Let l be w(0). Suppose 46*z - l*z = 10. Let v(r) = -r**3 + 3*r**2 - 10*r + 1. Is v(z) a prime number?
True
Let m(a) = -1009*a + 351. Is m(-10) prime?
False
Let l be 1/((-7)/(0 + -14)). Suppose 5*s = l*s - 3, -3*s + 63041 = 4*n. Is n prime?
True
Suppose 0 = 3*q + d - 1088781, 5*q - 40*d + 35*d - 1814635 = 0. Is q a prime number?
True
Let a(c) = -6*c**3 + 24*c**2 + 12*c - 31. Is a(-21) a composite number?
False
Suppose -12*k + 50 = -106. Suppose v = -3*y + k, 2*v = -y - 0*y + 6. Suppose y*o - 3341 = -9*o. Is o prime?
True
Let l(f) = 4*f**2 - 2 - 436*f - 3 + 406*f. Is l(-8) prime?
True
Suppose -104*s = -92*s - 3504. Suppose -281*l = -s*l + 96569. Is l prime?
True
Let r = -8846 - -15387. Suppose 5*x + 6547 = -4*y + 6*y, 2*y + x = r. Is y prime?
True
Let y(j) = -j**3 + 430*j**2 + 9*j + 17 + 24*j - 428*j**2. Is y(-8) prime?
False
Let v = 140 - 135. Suppose v*l = -3*w + 742, 0 = -4*l - 3*w + 311 + 282. Is l composite?
False
Let x = 4028 + -848. Let i(u) = -u**2 - 2153. Let d be i(0). Let c = x + d. Is c prime?
False
Suppose 9*z = 3643 - 673. Let o = 563 - z. Is o a prime number?
True
Let a(s) = 1100*s + 35. Let l(b) = 220*b + 7. Let v(f) = 2*a(f) - 11*l(f). Let t be v(-1). Suppose 1188 = 3*c - t. Is c composite?
False
Let t(w) = w**2 - 5*w - 10. Let q be t(7). Let i = -472 - -474. Suppose -526 = -q*a + i*a. Is a composite?
False
Suppose -31555103 + 13294704 - 41026579 = -162*u. Is u a prime number?
True
Let t = 16480 - -19267. Is t composite?
False
Let a(j) = j**2 + 22*j + 75. Let r be a(-18). Suppose -3 = g, 0*p + 3*p = r*g + 4926. Is p composite?
True
Suppose 2*f = 3*d - 11, -4*f = 4*d - d - 5. Let c = -3 + 9. Is 4306*(f + c/4) a prime number?
True
Let s be (-3*2/9)/(10/(-1685295)). Suppose 9*j = -8*j + s. Is j a prime number?
False
Suppose 0*t + 118900 = t - 9*x, -594459 = -5*t + 4*x. Is t prime?
True
Let b(q) = -45 - 2*q + 82 - 100 + 88*q**2 + 75*q**2 - 14. Is b(-8) a prime number?
False
Suppose 15 = -9*a - 57. Let d(s) = -4*s**2 + 3 + 6*s**2 - 2*s + 10*s**2. Is d(a) composite?
False
Let q = -408 - -408. Is (q + -1)/(16/(-64784)) prime?
True
Suppose -3075304 = -47*u + 9*u - 352490. Is u composite?
True
Let z(i) be the third derivative of 17*i**7/5040 - i**6/40 + i**5/2 + 12*i**2. Let u(c) be the third derivative of z(c). Is u(5) prime?
True
Let x(q) = q**2 + 21*q + 4. Let a be x(-21). Is ((-46)/(-1))/(a/118) composite?
True
Let w = -50338 + 145481. Is w composite?
False
Is 32/(-48)*15 - -59103 composite?
False
Suppose 0 = 6*q - 5*q + 682. Suppose 73*f - 89*f = 18384. Let u = q - f. Is u a prime number?
True
Let f(h) = h**2 - 5*h + 7. Let s be f(0). Suppose -s*a + 11*a = 0. Suppose -4*x